21
What is the highest common factor of 152280 and 12?
12
What is the highest common divisor of 511 and 736205?
73
Calculate the highest common divisor of 14761 and 8439.
29
What is the highest common divisor of 70 and 5421290?
70
Calculate the highest common factor of 64 and 21184.
64
What is the highest common factor of 882 and 24822?
126
What is the highest common divisor of 481383 and 9?
9
Calculate the highest common divisor of 1188324 and 162.
54
What is the greatest common divisor of 1836 and 13056?
204
What is the greatest common divisor of 2014 and 1026?
38
What is the highest common divisor of 90930 and 1410?
30
Calculate the highest common factor of 448 and 311752.
56
What is the highest common factor of 7962 and 87?
3
Calculate the greatest common divisor of 9867 and 203619.
897
Calculate the greatest common divisor of 961 and 3.
1
What is the greatest common divisor of 194 and 1951834?
194
What is the highest common divisor of 38 and 2818745?
19
What is the greatest common factor of 33 and 96009?
3
What is the highest common factor of 5841 and 21712?
59
What is the greatest common factor of 21 and 30142?
7
What is the highest common divisor of 450 and 523890?
90
What is the greatest common factor of 30413 and 17?
17
What is the greatest common divisor of 834065 and 4280?
535
Calculate the greatest common divisor of 440 and 375320.
440
What is the greatest common divisor of 40 and 139240?
40
What is the highest common factor of 1032 and 591?
3
Calculate the highest common factor of 11116 and 406.
14
What is the greatest common divisor of 9177 and 117?
3
What is the highest common factor of 5093541 and 134?
67
What is the highest common divisor of 1503 and 1528885?
167
Calculate the greatest common divisor of 3 and 217470.
3
What is the greatest common divisor of 4411 and 209?
11
What is the highest common divisor of 314512 and 176?
176
What is the highest common factor of 43320 and 57?
57
What is the highest common divisor of 44865 and 60?
15
Calculate the greatest common divisor of 16 and 271.
1
Calculate the greatest common divisor of 288 and 145062.
18
Calculate the highest common divisor of 25424 and 1904.
112
What is the greatest common factor of 600 and 72150?
150
Calculate the highest common factor of 260 and 42172.
52
What is the greatest common divisor of 8 and 614?
2
Calculate the highest common divisor of 11607 and 4161.
219
What is the highest common divisor of 9 and 1242?
9
What is the highest common divisor of 31017 and 5064?
633
What is the highest common divisor of 5 and 254200?
5
Calculate the highest common factor of 243340 and 20.
20
Calculate the greatest common divisor of 1014 and 71474.
26
Calculate the highest common divisor of 13216 and 42.
14
Calculate the highest common divisor of 10536 and 72.
24
What is the greatest common divisor of 578 and 7531?
17
Calculate the greatest common divisor of 575015 and 35.
35
What is the greatest common divisor of 338884 and 9261?
343
What is the highest common divisor of 175 and 1501675?
175
What is the highest common divisor of 148085 and 28?
7
Calculate the greatest common factor of 348300 and 172.
172
Calculate the greatest common factor of 9114 and 7130.
62
Calculate the greatest common divisor of 674 and 2422356.
674
Calculate the highest common factor of 68 and 2426.
2
What is the highest common divisor of 126 and 101766?
42
Calculate the highest common factor of 305207 and 4543.
413
What is the greatest common divisor of 435 and 507819?
87
Calculate the greatest common divisor of 28 and 113596.
28
What is the highest common divisor of 1518 and 3102?
66
What is the highest common factor of 4348014 and 2034?
678
Calculate the greatest common divisor of 9867 and 57431.
253
What is the highest common divisor of 2769 and 10437?
213
What is the highest common factor of 92 and 263833?
23
What is the highest common divisor of 2673 and 171567?
99
What is the highest common factor of 8729 and 371?
7
What is the highest common factor of 4752 and 128832?
528
What is the highest common factor of 644600 and 3300?
1100
Calculate the highest common divisor of 255 and 26758.
17
Calculate the greatest common divisor of 361058 and 730.
146
Calculate the highest common divisor of 760 and 2907.
19
Calculate the highest common factor of 1488 and 7192.
248
Calculate the highest common factor of 533 and 19773.
13
What is the greatest common factor of 176449 and 4459?
637
Calculate the highest common factor of 190021 and 517.
47
What is the highest common factor of 364 and 438152?
52
Calculate the greatest common factor of 41755 and 749.
7
Calculate the greatest common divisor of 48 and 15632.
16
What is the greatest common divisor of 495588 and 12?
12
Calculate the highest common factor of 13029 and 33153.
129
Calculate the greatest common divisor of 12351 and 144453.
537
What is the highest common divisor of 303250 and 1250?
250
What is the highest common divisor of 665 and 514140?
95
What is the greatest common divisor of 23728 and 64?
16
What is the highest common divisor of 845721 and 159?
159
What is the highest common factor of 143046 and 162?
162
What is the highest common divisor of 6846 and 87368?
326
What is the highest common divisor of 7 and 10535511?
7
Calculate the highest common factor of 2723760 and 360.
360
Calculate the greatest common factor of 109642 and 52.
26
What is the highest common divisor of 49 and 14903?
7
What is the greatest common divisor of 12 and 20396?
4
What is the highest common factor of 7600 and 2489?
19
What is the greatest common divisor of 3304 and 868?
28
What is the greatest common divisor of 114274 and 34?
34
Calculate the highest common divisor of 110 and 1342.
22
What is the highest common factor of 820 and 1810?
10
Calculate the highest common factor of 232479 and 81.
9
What is the greatest common divisor of 20244 and 140?
28
Calculate the greatest common divisor of 1654 and 766629.
827
What is the greatest common factor of 264 and 16137?
33
Calculate the greatest common factor of 4502 and 8.
2
What is the highest common factor of 18 and 109467?
9
Calculate the greatest common divisor of 40460 and 1148.
28
Calculate the highest common divisor of 1651 and 58916.
13
Calculate the greatest common divisor of 958 and 24.
2
What is the highest common factor of 3072 and 100928?
64
What is the greatest common divisor of 1456020 and 9?
9
Calculate the highest common factor of 187 and 327063.
187
What is the highest common divisor of 94 and 61382?
94
Calculate the greatest common factor of 153 and 378.
9
What is the greatest common factor of 129482 and 202?
202
What is the greatest common divisor of 136672 and 128?
32
Calculate the greatest common divisor of 27724 and 1044.
116
Calculate the greatest common factor of 63 and 186361.
7
Calculate the greatest common factor of 1197222 and 78.
78
What is the greatest common divisor of 86968 and 24?
8
Calculate the highest common factor of 864 and 403776.
288
Calculate the highest common divisor of 440 and 22340.
20
Calculate the highest common factor of 51 and 482222.
17
What is the highest common divisor of 1452 and 156453?
363
What is the highest common factor of 6 and 4486?
2
Calculate the highest common factor of 280 and 30905.
35
What is the greatest common divisor of 136 and 22406?
34
What is the greatest common factor of 6480 and 21360?
240
What is the highest common divisor of 39721 and 115?
23
What is the greatest common divisor of 7714 and 72181?
551
What is the greatest common factor of 1775 and 3763?
71
Calculate the greatest common divisor of 968 and 3456.
8
Calculate the highest common divisor of 24867 and 162.
81
What is the greatest common factor of 24717 and 840?
21
What is the highest common divisor of 234 and 322166?
26
Calculate the greatest common factor of 1445 and 1700.
85
Calculate the highest common factor of 106070 and 240.
10
What is the highest common divisor of 2640 and 480?
240
What is the highest common divisor of 9127704 and 277?
277
What is the highest common factor of 307706 and 434?
434
What is the highest common factor of 7565 and 85?
85
Calculate the greatest common divisor of 178830 and 360.
90
Calculate the greatest common factor of 9829060 and 340.
340
Calculate